2. Let g be n(2). Suppose g*r - 925 = 575. What are the prime factors of r?
5
Let k be 0/(2 + 2) + 6. Let m be (16/k)/(2/3). Suppose 0 = m*n - 87 - 21. List the prime factors of n.
3
Let u be ((-6)/12)/((-2)/(-8)). Let p be (20/6)/(20/150). Let a = u + p. What are the prime factors of a?
23
Let i(k) = -9*k**2 - 4*k + 1. Let d(y) = -10*y**2 - 4*y + 2. Let b(m) = 2*d(m) - 3*i(m). What are the prime factors of b(4)?
3, 43
Let g be (-6)/2 - (-68 + 1). Let q = g - 14. What are the prime factors of q?
2, 5
Let x be ((-2)/(-4))/((-2)/(-16)) + -1. Suppose 0 = x*b + 36 - 174. What are the prime factors of b?
2, 23
Let o(j) = 273*j**2 + j - 8. What are the prime factors of o(3)?
2, 613
Suppose 472 = -3*u - 4*a, -2*u + 0*u - 312 = 4*a. Let x = u + 230. What are the prime factors of x?
2, 5, 7
Suppose 4*z + 35 = 3*w + 8, 0 = -w - 2*z - 1. Suppose 2*h + 504 = w*h. What are the prime factors of h?
2, 3, 7
Let m(w) = -13*w - 30. Suppose -10*b - 10 = 20. What are the prime factors of m(b)?
3
Let p(d) be the first derivative of -3*d**2/2 + 9*d - 3. Let j be p(4). Let m(s) = -s**3 + 5*s + 2. List the prime factors of m(j).
2, 7
Suppose 16*n - 15*n = -4*z + 2815, 0 = 3*n + 3*z - 8490. List the prime factors of n.
3, 5, 7
Let k be (2/(-4))/((-7)/84). List the prime factors of ((-3)/(-9))/(2/60)*k.
2, 3, 5
Let y be 2*(52/8 - 4). Suppose 0*j + 4*j = 4*d - 280, -2*d - y*j = -119. List the prime factors of d.
67
Let h(q) = -11 - 3*q**2 - 9*q - 4 + 4*q**2. List the prime factors of h(-6).
3, 5
Let k be 522/5 - 18/(-30). Suppose 4*f + n - k = 0, 4*n = -4*f + n + 99. List the prime factors of f.
3
Suppose -z - 13 = 4*b, 5*b + 4*z + 0*z = -8. Let v be -3 + (0/b - -225). List the prime factors of v/9 + (-2)/(-6).
5
Let z(d) = d**3 + 5*d**2 - 2*d + 1. Let k be z(-3). Let i be (-210)/k*40/(-3). Suppose 0 = 5*v - v - i. What are the prime factors of v?
2, 7
Suppose -w = -0*w - 3. Let l be (-120)/(-1)*1 - w. Suppose 7*i + l = 10*i. List the prime factors of i.
3, 13
What are the prime factors of 1/(-2 - 0/(-3))*-426?
3, 71
Let o(r) = -r**3 - 13*r**2 - 2. Let q(l) = -3*l + 11. Let p be q(8). Let h be o(p). List the prime factors of (-91)/h - (-13)/26.
2, 23
Suppose -2*r + 1008 - 5 = 5*y, -2450 = -5*r - y. List the prime factors of r.
3, 163
Suppose -f + 694 = 5*s, 11*f - 2*s = 9*f + 1388. List the prime factors of f.
2, 347
Let d be 4/(-14) + -4 + (-270)/(-14). Suppose d - 25 = -2*j. List the prime factors of j.
5
Let j(q) = -q**2 + 19*q - 27. Let v be j(11). Let g = v - 24. What are the prime factors of g?
37
Suppose 3*i - 5*b + 341 = 0, -3*i - 3*b = 268 + 65. Let p = -30 + i. What are the prime factors of (-9)/6*p/3?
71
Suppose 14*n - 450 - 110 = 0. List the prime factors of n.
2, 5
Let f(b) = -39*b - 2. Let n be f(-1). Suppose 0*v + v = n. What are the prime factors of v?
37
Let f = 566 - -114. List the prime factors of f.
2, 5, 17
Suppose 5*g = -14 + 119. Let h = g + 88. What are the prime factors of h?
109
Suppose 5*s = -3*k + 543, 2*s - 5*s - 939 = -5*k. List the prime factors of k.
2, 3, 31
Suppose -4*o - 9*x + 10*x + 2162 = 0, -2*o + 1072 = 4*x. List the prime factors of o.
2, 3, 5
Let v(i) = -i**3 + 9*i**2 + 10*i + 1. What are the prime factors of v(7)?
13
Let c be (-1644)/6 - (-2)/1. Let v = -150 - c. What are the prime factors of v?
2, 61
Let u(a) = -3*a**3 - 5*a**2 - 3*a + 4. Let r be u(-3). Suppose b - 42 = r. Suppose -98 - b = -7*i. What are the prime factors of i?
3
Let l(v) = -v**2 - 9*v + 66. List the prime factors of l(-13).
2, 7
Suppose 0 = 2*n + y - 3540, -14*n - y - 8864 = -19*n. What are the prime factors of n?
2, 443
Suppose -2*w + 4*b - 28 = 0, b - 3 = -7. What are the prime factors of (-24966)/(-99) - (-4)/w?
2, 3, 7
Suppose 0 = -196*x + 201*x - 4045. List the prime factors of x.
809
Let p be (((-21)/6)/(-1) + -4)*-566. Let v = 429 - p. What are the prime factors of v?
2, 73
Suppose -r = -5*r + 2*b + 1222, 0 = -2*r + 5*b + 591. Suppose 4*c = -4 + r. List the prime factors of c.
2, 19
Let o = -246 + 273. What are the prime factors of o?
3
Let y(v) = 5*v**2 - 118*v + 26. What are the prime factors of y(30)?
2, 17, 29
List the prime factors of 8/2*6/4 + 988.
2, 7, 71
Suppose -j - 55 = 3*r, -2*j + 13 = -r + 3*j. What are the prime factors of ((-636)/18)/(4/r)?
3, 53
Suppose 33*k - 20598 = 2139. What are the prime factors of k?
13, 53
Let h(q) = 635*q**2 + 8*q + 9. What are the prime factors of h(-1)?
2, 3, 53
Let f = 0 - -8. Suppose 0 = 11*a - f*a - 834. List the prime factors of a.
2, 139
Let f(y) = y**3 - 28 - 15*y - 630*y**2 + 640*y**2 - 15. List the prime factors of f(-8).
5, 41
Let l = -36 + 68. Suppose 4*f = 3*z + 88, -2*z - 14 - l = -2*f. List the prime factors of f.
19
Let g(b) = -17*b**3 + 5*b**2 - b - 5. What are the prime factors of g(-2)?
3, 17
List the prime factors of ((-21)/(-63))/((-1)/(-5487)).
31, 59
Suppose 6 = -3*z - 0. Suppose 4*p = -3*p + 42. Let c = z + p. What are the prime factors of c?
2
List the prime factors of -10*4/16 - 114/(-4).
2, 13
Let g(j) be the first derivative of -j**4/4 + 7*j**3/3 - 5*j**2/2 + 2*j + 2. Let x be g(7). Let f = x - -69. What are the prime factors of f?
2, 3
Suppose 3*b - 25 - 196 = 4*p, -2*p = -2*b + 110. Let u be (0 - 0)/4 - p. Let o = u - 7. List the prime factors of o.
7
Let c = 54 - 65. Let f = -30 - -50. Let i = f + c. List the prime factors of i.
3
Let l(p) = -24*p - 18. Let n be l(-6). Let h = -44 + n. What are the prime factors of h?
2, 41
Let c = -26 + 4. Let o = -17 - c. Suppose -k = -o*k + 32. List the prime factors of k.
2
Let c be (18 + -12)*(3 + -1). Let k(z) = 3*z + 7. What are the prime factors of k(c)?
43
Suppose -5*a - 47 = 4*v, 3*a = -5*v + a - 63. Let b(l) = l**2 + 10*l - 13. List the prime factors of b(v).
2, 13
Let g(x) = 64*x**2 + 9*x - 22. List the prime factors of g(4).
2, 3, 173
Let i be (-2 + 1 - -17)*(21 - 2). Let d = -202 + i. What are the prime factors of d?
2, 3, 17
Let t(b) = -b**3 + 7*b**2 - 6*b + 8. Let y be t(6). Suppose y*i - 6 = 5*i. List the prime factors of i + -1 + 12 - 0.
13
Let x = -8352 - -14088. What are the prime factors of x?
2, 3, 239
Let d = 29 + -19. Suppose 5*x = d*x - 180. Let a = x + -21. What are the prime factors of a?
3, 5
Let k = 3103 + -2538. What are the prime factors of k?
5, 113
Let t = 2019 + -1082. What are the prime factors of t?
937
Let y(h) = -16*h + 6. Let a(k) = -33*k + 11. Let p(w) = 3*a(w) - 5*y(w). What are the prime factors of p(-8)?
5, 31
Let v(d) = -1 + 68 + 5 - 1 - 7*d. List the prime factors of v(-14).
13
Suppose -9 - 3 = o - 5*u, u = 4*o + 105. Let g(i) = -i**2 + i - 1. Let d be g(4). Let r = d - o. What are the prime factors of r?
2, 7
Suppose -3*s + 11*f = 14*f - 528, -s + 2*f = -191. What are the prime factors of s?
181
Let l(x) = 48*x**3 - x**2 - 7. List the prime factors of l(3).
2, 5
Let q be -5*4/(-10) - -216. Suppose -12*v = -14*v + q. List the prime factors of v.
109
Let c = 220 - 144. List the prime factors of c.
2, 19
Suppose -29*h + 104*h - 110100 = 0. List the prime factors of h.
2, 367
Suppose -4*k - 4*i = -84, -2*k + k + 21 = 3*i. Let h(v) = 2*v + 94. Let g be h(-21). Suppose 5*l - g = -3*m, 2*l - 4*m - k = 5. List the prime factors of l.
11
Suppose -4*z - 4*i + 252 = 0, 0 = -3*z + 8*z + i - 311. List the prime factors of z.
2, 31
Suppose -3*c - 2*q = 45, -3*c = 2*c + 4*q + 75. Let k(o) = o + 19. Let s be k(c). Suppose 0 = -3*j + 2*r + s, -4 = -3*r + 2*r. List the prime factors of j.
2
What are the prime factors of (1906 - -4 - -8) + -6 + 4?
2, 479
Suppose -3*c + 4*z + 6448 + 246 = 0, 0 = c + z - 2236. What are the prime factors of c?
2, 1117
Let k(p) = 14*p + 22. What are the prime factors of k(31)?
2, 3, 19
Let z = 8 - 7. Suppose 0 = -4*c + z - 17. Let a = 25 + c. What are the prime factors of a?
3, 7
Let h be (111/4)/((45/(-24))/(-5)). Let x = h + -30. List the prime factors of x.
2, 11
Let x be (-1)/(-3) + (-44)/(-12). Suppose v + v = -x. What are the prime factors of (v/8)/((-3)/204)?
17
Let y = -183 - -81. Suppose -d + 4*d + 135 = 0. Let j = d - y. What are the prime factors of j?
3, 19
Let z be (-16)/(-12)*3/(-2). Suppose -65 = 8*c - 313. Let g = c + z. What are the prime factors of g?
29
Suppose -19208 = -20*g + 2552. What are the prime factors of g?
2, 17
Let n(i) = -4*i - 2. Let h be n(-2). Let k = h